3 - 3. Suppose 0 = -10*l + 7*l - 87. Let v = l + 29. What is t(v)?
-3
Let y = 54 - 52. Let x(q) = -4*q + 5*q**y + 3*q**2 + 4 - 3*q - q**3 + 2. Give x(7).
6
Let f(i) = 7*i + 1 - 5*i + 4. Let q(o) = o**2 + 38*o + 332. Let b be q(-25). Calculate f(b).
19
Let l(h) = -5 - h**2 + 2*h - 5*h**2 + 3*h + h**3. Let p = 20 - 23. Let s = 8 + p. What is l(s)?
-5
Let h(o) = -17*o. Let y(c) = 494*c. Let z(q) = -117*h(q) - 4*y(q). Suppose -3*w = -30 + 27. Determine z(w).
13
Suppose -10 = -2*i + 4*a, -i + 5*a = -0*i + 4. Let b = i - 16. Let d(y) be the second derivative of -y**5/20 - y**4/3 + 4*y**3/3 + 3*y**2 - 5*y. Give d(b).
-9
Let o be 11 + (-44)/4 + -34 + 33. Let q(m) = -5*m + m**2 + 4*m + 2*m. Let x(w) = -28*w**2 - 32*w. Let l(p) = -96*q(p) - 3*x(p). Determine l(o).
-12
Let q(c) = -2*c**2 + 13*c - 16. Let k(i) = -2*i**2 - 9*i + 8. Let r(m) = -m**2 - m. Let b(w) = -k(w) + 3*r(w). Let h(y) = -5*b(y) + 3*q(y). Calculate h(8).
0
Let m = -119/4 + 379/12. Let j(a) be the second derivative of m*a**3 + 1/2*a**2 + 0 - 4*a. Calculate j(-1).
-10
Let z(v) = -20*v - 10*v**2 + v**3 - 21*v + 6*v**2 + 33*v - 2. Suppose 5*a - 39 = 3*u, 2*u = -5*a + u + 27. Determine z(a).
22
Let y(o) be the third derivative of -o**6/120 - o**5/60 + o**4/12 - o**2. Let l be (-15)/1 - (68 - 81). Give y(l).
0
Let x(o) be the second derivative of 0 + 1/2*o**2 + 1/12*o**4 - 1/6*o**3 - 3*o. Calculate x(1).
1
Let i(j) = -2 + 271*j + 281*j - 550*j - j**2. What is i(2)?
-2
Let a(h) = -3*h - 5. Let c be a(-3). Suppose d = -c*d + 10. Let f be (4/6)/(d/3). Let o(s) = -7*s**2 - 1. Calculate o(f).
-8
Suppose 0*h = -5*h - 5, -3*o + 3*h = -12. Suppose a + 11 = 4*d, -5*a + d = o + 14. Let t(s) = -s**2 - 2*s + 2. What is t(a)?
-1
Let j(o) = o**2 + 8*o - 4. Let u(x) = x**2 - 6*x - 2. Let k be u(5). Calculate j(k).
-11
Suppose 0*y + 6 = 3*y. Suppose j + 5*q - 8 = 0, -y*j - 3*q = 3 - 12. Let s(g) = g**2 - 4. Give s(j).
5
Let u(p) = p**3 + p**2 - 1. Let v(q) = 3*q**3 + 3*q**2 - 7*q - 10. Let a(x) = 4*u(x) - v(x). Determine a(-1).
-1
Let y = 6 + -16. Let v(l) = l + 1. Let c(a) = -2*a - 3. Let j(g) = -4*c(g) - 7*v(g). Calculate j(y).
-5
Let z(s) = 33*s**3 + s - 12*s**2 - 34*s**3 + 7*s**2. Let p be -6 + -1 + 2*1. Let b be z(p). Let f(t) = -t**2 - 7*t - 5. What is f(b)?
5
Let m(x) = -x**2 - 20*x - 85. Let b be m(-7). Let n(u) = -6*u + u**3 - 7*u**2 - 1 + 10*u + 7. What is n(b)?
-6
Let a(q) = 8*q - 1. Let u(y) = 3*y - 6. Let l be u(4). Suppose -l = o - 7. Give a(o).
7
Let f(d) be the third derivative of -d**6/120 + d**3/6 - d**2. Let n(m) = 13*m**3 + m**2 - 1. Let y(s) = f(s) + n(s). Give y(1).
13
Suppose -13 = c - 3*z, c + 2*c = z - 7. Let q(g) be the third derivative of g**4/6 - g**3/6 - 344*g**2. Give q(c).
-5
Let o be (-15)/24*72/(-9). Let i(z) be the third derivative of 4*z**2 - 1/12*z**o - 1/120*z**6 + 0*z - 5/6*z**3 + 0 - 5/24*z**4. Determine i(-4).
-1
Let u = -14 - -17. Suppose 3 + u = 2*z. Let g(h) = 4 - z - 7*h - 3 - h**2 + 4. What is g(-6)?
8
Let d(x) = 2*x - 8. Let i(f) = f - 7. Let s(y) = 3*d(y) - 4*i(y). Let n(l) = -1. Let k(o) = 20*n(o) + 5*s(o). Give k(-1).
-10
Let j be 2/4 + -21*(-6)/36. Suppose 0 = 4*k + c - 6, 6 + 8 = j*k - 3*c. Let o(b) = b**3 - 6*b**2 + 3*b. Give o(k).
-10
Suppose v - 221 + 218 = 0. Let f(z) = 9*z + 2 - 14*z + v*z - z. Calculate f(3).
-7
Let t(g) be the second derivative of -g**8/6720 - g**7/420 + g**6/720 - g**5/40 - g**4/2 + g. Let h(o) be the third derivative of t(o). What is h(-6)?
-9
Let w(a) = 0 - 10265*a - 3 + 2 + 10260*a + 4. Give w(4).
-17
Let p(m) be the second derivative of m**3/3 - 2*m**2 + m. Let c(v) = v**3 - v**2 - 2*v + 1. Let o be c(2). Let l be ((-1)/1)/(o/(-6)). Give p(l).
8
Let r(x) = -5*x - 9. Suppose 5*z - i + 11 = 0, -9*z - 10 = -5*z - 2*i. Give r(z).
1
Let v(q) = q**3 - 4*q**2 - 4*q + 1. Let o be v(5). Let y be o/(-9) - 1/3. Let z(l) = 3*l**2. Calculate z(y).
3
Let t(d) = -8*d + 1. Let k be (-10)/(-6) - (-21)/9. Calculate t(k).
-31
Suppose -3*s + 1 + 2 = 0. Let g(r) be the second derivative of -7*r**5/120 - r**3/3 - 5*r. Let d(m) be the second derivative of g(m). Determine d(s).
-7
Let c(s) be the first derivative of -s**4/4 + 8*s**3/3 + s**2 - 6*s + 12. Let v be 2/(-11) - (938/(-77) + 4). Determine c(v).
10
Let y(q) = 2*q - 18*q + 11*q + 1 + 14*q + q**2 + 9*q. Give y(-16).
-31
Let t = -39 + 33. Let u(x) = -x**3 + 15*x**2 + 17*x - 11. Let n(r) = -r**2 - r. Let g(z) = t*n(z) - u(z). Give g(10).
1
Let w(k) be the first derivative of -1/60*k**5 - 1/6*k**3 - k**2 + 3 - 1/3*k**4 + 0*k. Let j(r) be the second derivative of w(r). Determine j(-6).
11
Suppose -11*v = -4*v - 7. Let d(a) = -a**2 + 3*a**2 - 1 - a**2 + a. Determine d(v).
1
Let y(b) = 8 - b**2 - 18 - 3*b + 13*b. Give y(7).
11
Let j(f) = 2*f**2 - 7*f + 4. Let a be (-2)/5*15/(-6). Suppose -g - y - 23 = -5*g, 2*y = -g - a. Suppose -3*t + t + 5*p = -33, 21 = -t - g*p. Calculate j(t).
8
Suppose 0 = 6*h + 10 + 8. Let u(j) = -j**3 - 4*j**2 - j + 3. Calculate u(h).
-3
Let s(c) = -22*c**2 - 4*c + 5. Let o(f) = -2*f**2 - f + 1. Let n(v) = -5*o(v) + s(v). Suppose 5*l - 4 = l - 4*r, -l + 5*r - 11 = 0. Calculate n(l).
-13
Suppose i - 4 - 1 = -2*u, -2*i = -u + 10. Suppose x = 5*p - 17, 0*p - p + 2*x - 2 = 0. Let a(r) = -u*r + p*r + r - 6*r. Give a(2).
-10
Let r(f) = 32*f + 18. Let z(c) = -7*c - 4. Let m(p) = 2*r(p) + 9*z(p). Suppose o - 8 = -5*h, -3*h = -5*o - 0*h + 12. Give m(o).
3
Let t(y) be the second derivative of -y**5/20 - 3*y**4/4 - 5*y**3/3 - 5*y**2 + y - 39. What is t(-8)?
6
Let s = 5 - 10. Let f(a) be the first derivative of -7*a - 10 - 1/2*a**2. Give f(s).
-2
Let c be (-3145)/170 + 18/4. Let i(y) = y + 1. Calculate i(c).
-13
Let r(h) = 4*h - 1. Suppose -4*k + 4*w = 16, 0 = -k - 5*w + 7 + 7. Let x(o) = o**2 - 2*o. Let y(a) = k*r(a) - 2*x(a). Give y(-3).
-17
Let z be 8/((-288)/(-28)) + (-2)/(-9). Let s(u) = -3*u. Determine s(z).
-3
Let r(n) = -3*n + 10*n - 2*n**2 + 56 - 49 + 3*n**2. Calculate r(-6).
1
Suppose -2*o = r - 1, 4*o + 6 + 7 = 3*r. Let b be 0 + (-1 - -1) + o. Let k = b - -3. Let j(y) = -y**3 + 2*y - 2. Give j(k).
-6
Let p(s) = -2*s - 6. Suppose -12*t + 9*t = -3*h - 3, -4*h - t = 9. Calculate p(h).
-2
Suppose -5*h = -94 + 119. Let o(k) = -2*k - 13. Give o(h).
-3
Let d(v) be the third derivative of -v**4/8 + 5*v**3/3 - 46*v**2 + 2. Calculate d(9).
-17
Let y(x) = -x - 3. Let z be y(-6). Let h(w) be the second derivative of w**4/12 - 5*w**3/6 - 3*w**2/2 + 481*w. Determine h(z).
-9
Let z(h) be the third derivative of -h**5/60 - 5*h**4/24 + h**3/2 + 17*h**2 + 1. Let n(x) = -x - 2. Let c be n(2). Determine z(c).
7
Let t(q) = -q**2 - 5*q + 19*q - 17*q + 4. Determine t(5).
-36
Let t(b) = b + 6. Suppose 110 = 5*s - 2*c, -s + 0*c = -3*c - 35. Let q = s + -41. Let u = -25 - q. Calculate t(u).
2
Let k(s) = -2 + 9*s - 4*s**2 + 3*s**2 - 8 + 3 - 3. Determine k(9).
-10
Suppose 12*r + 14 = 14*r. Let y(d) be the first derivative of d**2/2 - 8*d + 5. What is y(r)?
-1
Let s(z) = -579*z + 0 - 591*z - 1 + 1766*z - 587*z. Let x be 10/6 + (-1)/(-3). Suppose -x = 2*d + 2. What is s(d)?
-19
Let m(t) = -23*t + 9. Let v(o) = -8*o + 3. Let b be 69/12 - 5/(-20). Let d(g) = b*m(g) - 17*v(g). Determine d(-3).
9
Let a(d) = -2*d**2 + 19*d + 18. Let s(j) = -j + 3. Let r(p) = -a(p) + 4*s(p). What is r(12)?
6
Let r(a) = 2*a**2 + 7*a + 1. Let p(w) = -w**2 - 14*w - 19. Let c be p(-13). Let o be (10/c)/(1/3). Determine r(o).
16
Let t(y) be the second derivative of 0 + 8*y - 2/3*y**3 - 1/12*y**4 + 1/2*y**2. Calculate t(-5).
-4
Let o(h) = 4*h**3 + 11*h - 2. Let r(p) = -2*p**3 - 5*p + 1. Let n(b) = 4*o(b) + 9*r(b). Let z be (-10 - -9)/(-2 + 1). Give n(z).
-2
Suppose -l - 3*h = -0*l - 1, 5*l + 31 = 3*h. Suppose -25 = -5*c - j - 4, 0 = -c - 2*j - 3. Let n(a) = -1 + 8 - 4*a + c*a. Determine n(l).
2
Let i = 36 + -7. Suppose -u + 4*n = -6*u - i, 4*n + 4 = 0. Let w(y) = -y**3 - 6*y**2 - 3*y + 4. Calculate w(u).
-6
Let a(o) be the second derivative of -o**4/12 + o**3 - o**2 + 5*o. Let w(d) = 1. Let z(l) = a(l) + 5*w(l). Calculate z(5).
8
Let p(z) be the third derivative of -z**6/720 - z**5/120 - z**4/3 + 10*z**2. Let x(o) be the second derivative of p(o). Determine x(-6).
5
Let w(c) = -5*c**2 - 4*c - 2. Let s(b) = -b**2 + b. Let a be (-51)/12 + 3/12. Let n(r) = a*s(r) + w(r). Calculate n(-5).
13
Let s(u) be the second derivative of -u**3/6 